r?
False
Suppose 12*b - 3378 = 6*b. Suppose -a - 551 = -4*h + h, 3*h - b = -2*a. Is h composite?
True
Let w(n) = -n**2 + 15*n - 1. Suppose 0*z + 44 = 4*z. Is w(z) a prime number?
True
Let d(u) = -3*u**2 + 3*u + 2. Let l be d(-1). Let v(j) = 50*j + 9. Let x(o) = o. Let c(b) = -v(b) - 5*x(b). Is c(l) prime?
True
Let d = 5796 + -3847. Is d a prime number?
True
Suppose -3*o - 28 = -4*l + 4, -o = 2*l - 6. Is o/2 + (554 - -1) a prime number?
False
Is 6389/2*(-4)/8*-4 a prime number?
True
Suppose -2*z - 2*v = -3*v - 49172, -v = 3*z - 73763. Is z composite?
True
Suppose -17721 = j - 3*j + t, 8866 = j + 5*t. Is j a prime number?
True
Let y(n) = -n**3 - 16*n**2 - 5*n - 21. Let x(w) be the third derivative of w**6/120 - w**4/24 - 8*w**3/3 - w**2. Let t be x(0). Is y(t) a composite number?
False
Let y be (-1 + (-355)/2)/(9/18). Suppose u - 5*u = 984. Let x = u - y. Is x a composite number?
True
Suppose 95*h - 246195 = 80*h. Is h a composite number?
True
Let c be 3/6 - 681/(-2). Let a = c + -229. Suppose 0 = 3*p - a - 2. Is p composite?
True
Let v(l) = 226 - 2*l + 11*l - 257 + 2*l**2. Is v(-12) a prime number?
True
Let l = 520 + -70. Let d = l - -39. Is d composite?
True
Let y(o) = 26*o**2 - 69*o - 61. Is y(24) a composite number?
False
Let a be (63 - 16/4)*18. Is a/10 - 3/15 a composite number?
True
Let o be 57515/20 - (-1)/(-8)*-2. Suppose 9*c - 5*c = o. Is c prime?
True
Suppose -c - 4*t - 22 = -3*c, -5*t - 25 = 0. Let d(g) = 47*g + 4. Is d(c) prime?
False
Let y(i) = -2*i**3 + 6*i**2 + 4*i + 9. Let t be y(-4). Let l = t - 150. Is l a prime number?
True
Suppose -m - 3896 = 4*m - b, 4*m - b + 3117 = 0. Let i = m - -1972. Is i a composite number?
False
Let h be 1 + 0 - (0 - 2). Suppose h*j - 3*s = 4 + 2, 3*s = j. Suppose 0 = 2*u + j*b - 492, -257 = -u - b + 5*b. Is u prime?
False
Let h = -94678 - -166249. Is h a prime number?
False
Is 53480 - 11/(99/9) prime?
True
Let g(k) be the third derivative of 3*k**5/20 + k**4/24 + k**3/3 - 9*k**2. Let j be (-16)/(-6) + 7/21. Is g(j) a prime number?
False
Let h(s) = 10*s**2 - 16*s - 79. Is h(-15) a prime number?
True
Suppose -5*k - 2*a + 14 = -k, 3*a = 3. Suppose 0*l = -5*l - 3*g + 6, k*g = 3*l - 18. Is (2100 + l)/(-2 - -5) composite?
False
Suppose 4*x + 20 = 0, 2*x + 10 = -2*h + 6*h. Suppose h = z - 3*z. Suppose 3*y + 4*k - 159 = z, 2*y + 5*k = -0*y + 106. Is y composite?
False
Suppose -3*b - 21 = 4*m, 5*b - 2 = 2*m - 11. Let q be (19/b)/(1/45). Let t = -74 - q. Is t a prime number?
True
Suppose 78*v + 20 = 80*v. Suppose v*z = 7075 + 2655. Is z a composite number?
True
Let f(j) = j - 13. Let b be f(18). Suppose 2*x = -4*m - 5837 - 9147, -4*x = -b*m + 29942. Is 4/(-10) + x/(-45) prime?
False
Suppose -3*b + 5990 = -11*d - 41783, d = -4*b + 63666. Is b composite?
True
Suppose 2*s - s = 0. Suppose -3*z - 12 = -s*z, 2*n = -3*z - 2. Suppose -n*r = 3*m - 79, -r - m - 4*m = -29. Is r composite?
True
Suppose -1552 = -5*k + k. Suppose 3*g = -2*g + s - k, -s + 310 = -4*g. Let c = 167 + g. Is c a prime number?
True
Let r be ((-56)/(-42))/(2/3). Suppose -5*f - 4*o + 1923 + r = 0, 0 = 4*o - 20. Is f composite?
True
Suppose 5*i - 40 = 4*x, i = -2*i + 3*x + 24. Let l = -3 + i. Suppose -l*g = -10*g + 935. Is g a composite number?
True
Let t = 1423 - -1318. Suppose -2*s + 2*h = -5856, 4*h + 184 + t = s. Is s composite?
True
Let f be -1 + 1*(-2 - -3). Suppose -25 + f = -5*x. Suppose 0 = -x*j + 410 + 5. Is j prime?
True
Let a = -7 + 4. Let c be (-4)/(-8)*-10 + a. Let x(s) = -s**3 - 9*s**2 - 8*s + 3. Is x(c) prime?
True
Suppose v - 6360 = -4*p - v, v = -p + 1591. Suppose 2*m + 1589 = z, 4*m - p = -z + m. Is z composite?
True
Suppose 0 = -5*n - 3*a + 18467, 3*n + 5*a - 9067 = 2026. Is n composite?
False
Let q = -78 - 312. Let z = 1343 + q. Is z composite?
False
Let y(a) = a**3 + 5*a**2 + 5*a. Let i be y(-4). Is (-33)/(-22) + -185*2/i a composite number?
True
Let f = -11829 - -20416. Is f a prime number?
False
Let d(z) = -1454*z + 339. Is d(-5) a composite number?
True
Let m = -6 - -9. Suppose -3*d - 2706 = -m*p - 0*p, -3*d = 2*p - 1809. Let f = -460 + p. Is f prime?
True
Suppose 0 = -d + 5*d - 8. Suppose 2*z = -d*z + 8. Is (z + (-99 - 0))*-1 a composite number?
False
Let n = -64608 - -100759. Is n a prime number?
True
Let r = -19397 - -27204. Is r a composite number?
True
Suppose -3*n = 4*q - 43577, 0 = -5*n - 3*q - 25941 + 98551. Is n prime?
True
Let b(x) be the second derivative of -55*x**3/3 + 47*x**2/2 - 16*x. Is b(-5) a composite number?
True
Suppose -2*d + 57223 - 311 = -3*z, -3*d = 3*z - 85383. Is d a composite number?
True
Let x(t) be the first derivative of -19*t**3/2 + t**2 + 5*t + 7. Let q(y) be the first derivative of x(y). Is q(-5) a prime number?
False
Let p = 13342 - 9231. Is p composite?
False
Suppose -4*b = 3*c - 291421, -2*b + 7*c - 12*c + 145693 = 0. Is b prime?
True
Let v(q) = -7*q - 10685. Let r be v(0). Let u = -5128 - r. Is u a composite number?
False
Let n be ((-54)/(-6))/(3/(-1640)). Is n/(-16) + (-2)/4 a composite number?
False
Let i be 4/(-18) + 377/117. Let s be ((-8)/(-6)*i)/2. Suppose -k + z + 33 = 3*z, -s*k + 58 = -4*z. Is k prime?
True
Suppose 0 = 3*i - i - 10. Suppose -3*z = i*z - 1784. Is z composite?
False
Let p = 1 + 1. Suppose p*a = 4*c - 30 - 2, -5*c + 10 = -a. Is (30/a)/(1/(-74)) a prime number?
False
Let k = -50 + 56. Suppose -m + 1116 = s, s = k*m - 3*m + 1120. Is s a composite number?
False
Suppose -74*h = -83*h + 19449. Is h prime?
True
Suppose l - 161 = -11. Let r = l + -101. Is r prime?
False
Let b be -1 - (-8 - -3 - -1). Suppose 0 = -v - b + 5. Suppose 0*u = v*u - 5*i - 141, 5*i = u - 58. Is u a prime number?
True
Suppose 6685 = n + 2*s, 12 = 3*s + s. Is n prime?
True
Suppose 4*d + 2*a = 2*d, -d + 5*a = -12. Let r(b) = 4*b. Let v(x) = 4*x + 1. Let z(y) = d*v(y) - 3*r(y). Is z(-6) composite?
True
Let w = -2 - -2. Suppose -3*o = 325 - 1402. Suppose -q + 1694 + o = w. Is q prime?
True
Let m = -1332 - -6479. Is m composite?
False
Suppose -4*d - 7420 = 2*i, -4*d + 2184 - 9600 = i. Let c = -1260 - d. Is c a prime number?
True
Suppose -5*t - d + 4*d = -8, 4 = d. Suppose 727 = -t*x - 153. Let k = 423 + x. Is k a composite number?
True
Let k(v) be the second derivative of -v**3/3 - 9*v**2/2 + 2*v. Let p be k(-4). Let f(i) = -889*i - 2. Is f(p) a prime number?
True
Let d = 660 + -222. Suppose 9*m - 4575 - d = 0. Is m a composite number?
False
Let o = 31 + -13. Suppose -o = x - 39. Is x a composite number?
True
Is (27016/20)/(2/5) composite?
True
Let g be (-19)/(-6) - (-15)/(-90). Let v be 0 - (1 - (g - -335)). Let m = v - 84. Is m prime?
False
Suppose 4*i - 498 = 4*x - 2282, 871 = 2*x + 5*i. Is x a composite number?
False
Let y be -1*(0 - -8)/2. Let c(u) = -3*u - 4. Let h be c(y). Let r(w) = 7*w**2 - 4*w - 7. Is r(h) a prime number?
True
Let a(o) be the second derivative of o**4/4 - 3*o**3/2 - 31*o**2/2 - 43*o. Is a(12) a composite number?
False
Suppose 52*i - 587994 = -14*i. Is i a prime number?
False
Suppose -66*j + 48*j + 95490 = 0. Is j composite?
True
Suppose k - 10 = -k. Suppose 25 = i - 4*s - 109, -i + 98 = k*s. Is i prime?
False
Let k(c) = 6*c + 3. Suppose 30*l - 28*l - 4 = 0. Is k(l) a prime number?
False
Let o(p) = p**2 + 2*p. Let a be o(-3). Let m be -1 + (2/2 - a). Is 2/m + 472/24 a prime number?
True
Let j = 121 + -119. Is -11351*(-2 - (j + -3))*1 a prime number?
True
Suppose 12 + 13 = 5*c, 4*n + c - 13 = 0. Suppose 3*a + 259 = s + 2682, -n*a + s = -1616. Is a composite?
True
Suppose 20*y - 13*y - 42 = 0. Suppose -y*u = 5*u - 4169. Is u a composite number?
False
Suppose -21*j = -45*j + 772008. Is j prime?
False
Let p(s) = -25*s - 11. Let a = -2 - 4. Is p(a) prime?
True
Suppose -2*b - 3*s = -79507, -7*b + 159022 = -3*b - 2*s. Is b a prime number?
False
Let s(f) = 2*f**2 + 8*f + 1. Let u be 1 - 1 - 0 - 1. Let v be -1*u/(1/6). Is s(v) composite?
True
Let h = -6982 + 10055. Suppose 4*w - 4*y - 4828 = 0, 3*y - 1755 = -4*w + h. Is w a composite number?
True
Suppose 101*w - 62*w = 1033071. Is w a prime number?
True
Let b = 4061 + -1360. Is b prime?
False
Suppose 5*m - 6526 = -3*z + 6163, -4*m + 8456 = 2*z. Suppose 4*f - 10422 + z = 0. Is f a prime number?
False
Let s(h) = -8*h - 9. Let w(r) = -2*r - 17 - 3*r + 4*r + 3. Let g be w(-6). Is s(g) a prime number?
False
Suppose -5*q = 0, -q - 2*q -